- 18*x = 70. List the prime factors of (-525)/x*6/9.
5
Suppose -21*y + 8413 = -10676. What are the prime factors of (-3*y/27)/((-1)/2)?
2, 101
Let t(c) = -c + 15. Let b(y) = y + 1. Let f(k) = 2*b(k) - t(k). Let a be f(-3). Let l = a + 26. List the prime factors of l.
2
Let h(n) = -5*n - 163. Let q be h(-33). Suppose -3*g + 407 = 4*p - 14, q*p + 3*g = 215. List the prime factors of p.
103
Suppose 4*q - 215968 = -7*m, 54022 = q - 86*m + 84*m. List the prime factors of q.
2, 3, 9001
Let x(m) = 3*m + 33. Let q be x(-7). Suppose 0 = -q*k + 18*k - 1836. What are the prime factors of k?
2, 3, 17
Let k(j) = 89*j + 43. Let q(y) = 134*y + 65. Let r(m) = 8*k(m) - 5*q(m). Let l(u) = 2*u - 7. Let f be l(5). What are the prime factors of r(f)?
5, 29
Let i = -1 - -35. Let l(o) = o**3 - 28*o**2 + 29*o - 49. Let y be l(27). Let q = y + i. What are the prime factors of q?
3, 13
Suppose 18*m - 140 = 4*m. Let b(z) = 4*z**2 + 12*z - 14. List the prime factors of b(m).
2, 11, 23
Let v(w) = 106*w - 1 + 15*w - 11. Suppose -2*k - 38*o = -41*o + 5, -5*k = -2*o - 4. What are the prime factors of v(k)?
2, 5, 23
Suppose q + 0*q = -4*t + 16, 6 = 2*t. Let z(o) = o**3 + 5*o**2 - 18. Let l be z(-3). Suppose q*w - 181 - 95 = l. What are the prime factors of w?
3, 23
Let d be (0 - 1) + (-6)/(-1). Suppose 84 = 3*c + 2*j, -36 = -4*c - 3*j + 77. Suppose d*h - 214 = c. What are the prime factors of h?
2, 3
Suppose 44 = 2*x + 30. Let o(t) = 8*t + 50. What are the prime factors of o(x)?
2, 53
Let k = -24924 + 40785. List the prime factors of k.
3, 17, 311
Suppose 5*u = -4*w + 565, -w - 183 = -3*u + 139. Let k = u + -96. What are the prime factors of k?
13
Suppose 10*d - 7*d + 4*z - 16 = 0, -2*d - z + 9 = 0. Suppose -5*u + 2390 = d*l, -4*l - 2382 = -8*l - u. What are the prime factors of l?
5, 7, 17
Suppose f = 3*f. Let q(r) = 9*r - 67. Let n be q(8). Suppose -m + 0 = -5*g - 82, -g - n = f. List the prime factors of m.
3, 19
Suppose -3555 = -4*g - g + 5*v, 4*g = 3*v + 2843. Let z = 138 + g. What are the prime factors of z?
2, 53
Let o be (8/(-60)*6)/(2/(-40)). What are the prime factors of -1*(6909/(-15) + o/(-40))?
461
Suppose -4*g = -3*a - 1167, -1984 + 554 = -5*g - 2*a. Suppose 4*b = -c + 294, -2*c = -c + 2*b - g. What are the prime factors of c?
2, 3, 47
Suppose 21*b = 20*b + 5. Suppose -b*g = 5*c - 270, g = -g + 5*c + 122. List the prime factors of g.
2, 7
Let k(m) = 2*m**3 - 131*m**2 - 152*m - 307. What are the prime factors of k(68)?
3, 4159
Suppose -h - 6 = -3*h. Suppose -t - h*x = t + 9, 3*x = -15. Suppose 2*c = l - 18, 3*l - 2*l + t*c - 33 = 0. List the prime factors of l.
2, 3
Let m(p) = 26*p**2 + 21*p - 33. Let g be m(-11). Suppose -13*f = -29155 + g. What are the prime factors of f?
43, 47
Let c(g) = g**3 + 14*g**2 - 19*g - 65. Let k be c(-15). List the prime factors of 4 - ((-10)/k)/(4/(-466)).
3, 79
Let i = 178 - 96. Let l be (-6)/27 + (-22)/(-18)*i. Suppose 144 = 5*s + v, -5*s + l = 5*v - 60. What are the prime factors of s?
2, 7
Let o(w) = -3*w + 36. Let f be o(-12). Let l(u) = 9*u + f - 9*u + 3*u. What are the prime factors of l(26)?
2, 3, 5
Let r(f) = -10*f**2 - 6*f + 7. Let z(u) = -29*u**2 - 17*u + 20. Let g(j) = 11*r(j) - 4*z(j). What are the prime factors of g(3)?
3, 19
Suppose 28091 = 6*w + w. Let j = w - 2386. What are the prime factors of j?
1627
Let f = 28 + -477. Let c = -128 - f. List the prime factors of c.
3, 107
Suppose 0 = 44*l - 51*l + 7154. Suppose 0*c + c + 260 = z, -l = -4*z - 2*c. What are the prime factors of z?
257
Let b = 33 + -53. Let p be (4 - 1 - 0) + 6. What are the prime factors of 142 - (p/(-27) + b/(-6))?
139
Let w = -203 + 207. What are the prime factors of ((-8)/12)/(w/(-2550))?
5, 17
Suppose -55*y + 142344 = 3*v - 51*y, 3*v - y = 142359. List the prime factors of v.
2, 11863
Let y = -9 - -16. Suppose -4*i - 680 = -3*a, 9*a - 2*i - 1124 = 4*a. Suppose y*m = 3*m + a. What are the prime factors of m?
2, 7
Suppose -24*b + 59975 = -137482 - 61551. What are the prime factors of b?
2, 19, 71
What are the prime factors of ((-123471)/(-81))/((-2)/(-18))?
3, 17, 269
Let n(o) = o**3 + 32*o**2 + 45*o - 26. List the prime factors of n(-23).
2, 5, 37
Let p be 6747/(-21) + 6/21. Let a be (-36)/(-198) - p/(-11). Let y = 62 - a. What are the prime factors of y?
7, 13
Suppose -2*w - 2*w = 2*f - 16568, -5*w + 5*f + 20740 = 0. List the prime factors of w.
2, 7, 37
Let t = -937 + 647. Let u = t - -516. Let d = u + -117. List the prime factors of d.
109
Let d(s) = 5*s + 73. Let l be d(-14). Suppose -l*r = 7*w - 5966, -4*w + 3410 = 2*r - 0*r. What are the prime factors of w?
23, 37
Let k be 1 + (-2890)/9 - 3/(-27). Let v = 1096 + k. Suppose 974 = 5*m - x, v = 4*m - 0*x - 4*x. List the prime factors of m.
3, 5, 13
Let z be 2/(-2) - (-230*3)/2. Suppose c - z = 4*v, 0*c + 5*c + 2*v = 1654. What are the prime factors of c?
2, 83
Let q = 42321 + -16323. List the prime factors of q.
2, 3, 7, 619
Suppose 0 = -n, n + 8 = 2*w + 2. Suppose -16 = -4*u + w*k, -1 + 13 = 3*u - 3*k. List the prime factors of (169/u - 2)/((-3)/(-12)).
7, 23
Suppose 9*c + 18 = 12*c. Suppose -2*q - 5*j - 4 = 0, 0 = c*q - 4*q + j - 4. Suppose -433 = -4*k - q*o, -3*o = -k + 72 + 25. What are the prime factors of k?
2, 53
Let w(g) = g**3 - 56*g**2 - 3*g + 74. Let k(a) = -2*a**2 - a - 3. Let n(z) = -5*k(z) + w(z). List the prime factors of n(46).
181
What are the prime factors of 868407/21 + 2 + 27/21?
2, 7, 211
Let l be (-9)/99 - 258/66. List the prime factors of (268/(-8))/((l/4)/10).
5, 67
Suppose 4*a - 2*i - 139869 = -a, 3*a + 3*i = 83955. List the prime factors of a.
101, 277
Let d be 12 + -9 - 138/(-3). Suppose 0 = -8*c + 2239 + d. List the prime factors of c.
2, 11, 13
Let a(z) = -z**2 + 6*z - 2. Let r = -62 - -66. Let k be a(r). List the prime factors of (2 - 0)*309/k.
103
Let b(m) = -3*m**3 + 8*m**2 + 5*m - 4. Suppose -4*n - 10*f + 8*f = 18, -5*n = 2*f + 23. List the prime factors of b(n).
2, 3, 7, 13
Let w = 282 - 191. Let r = -89 + w. Suppose -2*j - 1140 = -4*p - 230, -r*j - 450 = -2*p. What are the prime factors of p?
2, 5, 23
Suppose m = 5*q + 2, 5*m + 4*q = -10 + 20. Suppose -174 = -h + 3*x - 49, m = -x. What are the prime factors of h?
7, 17
Let s = -52541 + 88756. What are the prime factors of s?
5, 7243
Suppose -17*z + 15*z - 69388 = -3*j, 3*j - 69395 = -5*z. What are the prime factors of j?
2, 3, 5, 257
Suppose 0 = -4*f - 5*y + 7820 + 1226, -2*y = 2*f - 4524. What are the prime factors of f?
2, 283
Suppose d - 308079 = -4*x, 33 = -6*d + 27. What are the prime factors of x?
2, 5, 3851
Let t be (-13)/(663/(-198)) - (-2)/17. Suppose 0 = t*f - 3*a - 105, 3*f = -0*f - 5*a + 86. List the prime factors of 3/(f/1064) + (-10)/45.
2, 59
Suppose 0 = -y - 3*n + 70984, -9*y - 13*n + 638670 = -17*n. List the prime factors of y.
2, 7, 37, 137
Suppose 1 = b - 1. Suppose 2*v - 5*x + 0*x = -59, 2*v = b*x - 74. Let j = 90 + v. What are the prime factors of j?
2, 3
Suppose -19268 = -5*l + 15182. What are the prime factors of l?
2, 5, 13, 53
Let u = -21 + 25. Suppose 4*b - 12 = -3*v, u*b + 0*v - 3*v = 12. Suppose 348 = b*a + 3*a. What are the prime factors of a?
2, 29
Let s(g) = 12*g - 4. Let n(h) = 11*h - 3. Let x(i) = -6*n(i) + 4*s(i). Let m(b) = -19*b + 2. Let y(t) = -7*m(t) + 6*x(t). What are the prime factors of y(4)?
2, 7
Let r = 218 - 119. Let n = 101 - r. Suppose 109 = n*u - 33. List the prime factors of u.
71
Let i be 1 - 4 - (-2 + -11). Suppose 3*x = -2*o + 4 + 2, -5*x = 5*o - i. Suppose -f = -2*m - x*m + 298, 0 = 3*m + 5*f - 212. List the prime factors of m.
2, 37
Let d(b) = -b**3 + 6*b**2 - 5*b - 4. Let u be d(5). Let l = 16 + u. Suppose 16*h = l*h + 744. List the prime factors of h.
2, 3, 31
Suppose -5*b - 7 = 4*s, -s - 4*b - 2 = 8. Suppose -s*w + 2*d = -2, 0 = -4*w - 13*d + 8*d + 22. Suppose 3*m + w*m - 960 = 0. What are the prime factors of m?
2, 5
Suppose 2748*g - 2756*g + 40400 = 0. List the prime factors of g.
2, 5, 101
Let p be 9*(-7)/42*20/(-3). Suppose p*r - 428 = 8*r. List the prime factors of r.
2, 107
Suppose -w - 113 - 57 = 0. Let h = w + 272. List the prime factors of h.
2, 3, 17
Suppose -329*n + 336*n = 3220. Suppose -c = 3*c. Suppose -5*u = -c*u - n. List the prime factors of u.
2, 23
Let h(a) = a**2 - 13*a + 232. What are the prime factors of h(104)?
2, 3, 101
Let u